factors of 211370.
2, 5, 23, 919
What are the prime factors of 440073?
3, 1811
What are the prime factors of 87289?
41, 2129
What are the prime factors of 293140?
2, 5, 14657
List the prime factors of 544055.
5, 233, 467
List the prime factors of 604360.
2, 5, 29, 521
What are the prime factors of 14461256?
2, 29, 83, 751
List the prime factors of 35238046.
2, 19, 927317
What are the prime factors of 6973522?
2, 1789, 1949
What are the prime factors of 192494?
2, 109, 883
List the prime factors of 233425.
5, 9337
What are the prime factors of 429790?
2, 5, 42979
What are the prime factors of 311843?
7, 44549
List the prime factors of 533067.
3, 137, 1297
What are the prime factors of 54418?
2, 7, 13, 23
What are the prime factors of 26802?
2, 3, 1489
What are the prime factors of 1419757?
101, 14057
List the prime factors of 556411.
41, 331
What are the prime factors of 187114?
2, 93557
What are the prime factors of 261487?
23, 11369
What are the prime factors of 82857?
3, 71, 389
What are the prime factors of 1153648?
2, 72103
List the prime factors of 288958.
2, 144479
What are the prime factors of 25217513?
4391, 5743
What are the prime factors of 3492211?
1531, 2281
What are the prime factors of 7390630?
2, 5, 13, 139, 409
List the prime factors of 5754390.
2, 3, 5, 83, 2311
What are the prime factors of 4044098?
2, 2022049
What are the prime factors of 5038043?
5038043
List the prime factors of 69526.
2, 34763
What are the prime factors of 468615?
3, 5, 7, 4463
What are the prime factors of 947586?
2, 3, 157931
What are the prime factors of 270452?
2, 7, 13, 743
List the prime factors of 4654391.
7, 83, 8011
List the prime factors of 4790471.
7, 191, 3583
What are the prime factors of 1131926?
2, 167, 3389
What are the prime factors of 169932?
2, 3, 7, 17
List the prime factors of 184314.
2, 3, 13, 17, 139
What are the prime factors of 15155969?
15155969
What are the prime factors of 329919?
3, 17, 6469
What are the prime factors of 14350784?
2, 7, 103, 311
List the prime factors of 692778.
2, 3, 19, 59, 103
What are the prime factors of 337557?
3, 11, 53, 193
What are the prime factors of 15137959?
3319, 4561
List the prime factors of 119566.
2, 191, 313
What are the prime factors of 1053723?
3, 11, 37, 863
What are the prime factors of 972317?
653, 1489
What are the prime factors of 13442706?
2, 3, 113, 2203
What are the prime factors of 522640?
2, 5, 47, 139
What are the prime factors of 764197?
7, 109171
List the prime factors of 8770186.
2, 4385093
List the prime factors of 426666.
2, 3, 17, 47, 89
List the prime factors of 782872.
2, 97859
What are the prime factors of 1905696?
2, 3, 13, 509
List the prime factors of 631663.
233, 2711
What are the prime factors of 293294?
2, 146647
What are the prime factors of 119079?
3, 101, 131
What are the prime factors of 1983906?
2, 3, 36739
List the prime factors of 11072586.
2, 3, 7, 43, 6131
List the prime factors of 835590.
2, 3, 5, 7, 23, 173
List the prime factors of 384374.
2, 192187
List the prime factors of 206852.
2, 51713
List the prime factors of 3175534.
2, 293, 5419
List the prime factors of 8027529.
3, 23, 116341
What are the prime factors of 569827?
79, 7213
What are the prime factors of 1649728?
2, 149, 173
List the prime factors of 3002419.
7, 229, 1873
What are the prime factors of 29531741?
29531741
List the prime factors of 373.
373
What are the prime factors of 7493591?
7, 1070513
List the prime factors of 9084599.
83, 109453
List the prime factors of 16248.
2, 3, 677
What are the prime factors of 973242?
2, 3, 67, 269
What are the prime factors of 4255097?
7, 11, 73, 757
List the prime factors of 210876.
2, 3, 17573
What are the prime factors of 367689?
3, 7, 17509
What are the prime factors of 1700190?
2, 3, 5, 2099
List the prime factors of 5626411.
7, 151, 5323
What are the prime factors of 361166?
2, 13, 29, 479
List the prime factors of 40956.
2, 3, 3413
What are the prime factors of 3093591?
3, 67, 15391
List the prime factors of 309262.
2, 101, 1531
List the prime factors of 193810.
2, 5, 19381
What are the prime factors of 3962043?
3, 440227
What are the prime factors of 5444527?
11, 47, 10531
List the prime factors of 657936.
2, 3, 1523
List the prime factors of 434941.
13, 33457
What are the prime factors of 3449085?
3, 5, 229939
List the prime factors of 24255610.
2, 5, 1069, 2269
What are the prime factors of 1214055?
3, 5, 17, 23
What are the prime factors of 484998?
2, 3, 80833
List the prime factors of 227721.
3, 13, 5839
What are the prime factors of 443817?
3, 11, 4483
List the prime factors of 2406760.
2, 5, 60169
List the prime factors of 4942470.
2, 3, 5, 13, 19, 23, 29
List the prime factors of 607104.
2, 3, 17, 31
What are the prime factors of 327300?
2, 3, 5, 1091
What are the prime factors of 14088675?
3, 5, 37, 5077
What are the prime factors of 174534?
2, 3, 19, 1531
List the prime factors of 2338130.
2, 5, 61, 3833
What are the prime factors of 3044848?
2, 47, 4049
What are the prime factors of 2699566?
2, 17, 79399
What are the prime factors of 19145778?
2, 3, 251, 12713
What are the prime factors of 6008891?
7, 367, 2339
What are the prime factors of 264707?
17, 23, 677
List the prime factors of 6059413.
67, 90439
List the prime factors of 1482720.
2, 3, 5, 3089
List the prime factors of 21348770.
2, 5, 17, 31, 4051
What are the prime factors of 6316507?
229, 27583
What are the prime factors of 222612?
2, 3, 13, 1427
List the prime factors of 78898.
2, 103, 383
List the prime factors of 166744.
2, 19, 1097
List the prime factors of 2096352.
2, 3, 29, 251
List the prime factors of 21308191.
17, 31, 40433
List the prime factors of 1393274.
2, 599, 1163
What are the prime factors of 1330429?
47, 28307
What are the prime factors of 907770?
2, 3, 5, 30259
What are the prime factors of 13954348?
2, 17, 205211
List the prime factors of 925786.
2, 17, 73, 373
List the prime factors of 1465402.
2, 73, 10037
List the prime factors of 593574.
2, 3, 98929
What are the prime factors of 1315269?
3, 146141
What are the prime factors of 4595546?
2, 71, 32363
List the prime factors of 15303567.
3, 5101189
What are the prime factors of 2114839?
101, 20939
What are the prime factors of 9971552?
2, 317, 983
List the prime factors of 751645.
5, 150329
List the prime factors of 46503.
3, 5167
List the prime factors of 98413.
7, 17, 827
List the prime factors of 2103640.
2, 5, 7, 11, 683
List the prime factors of 22090141.
19, 29, 47, 853
List the prime factors of 466637.
466637
What are the prime factors of 15312336?
2, 3, 13, 53, 463
List the prime factors of 11790484.
2, 2947621
What are the prime factors of 90177?
3, 30059
List the prime factors of 7732350.
2, 3, 5, 17183
List the prime factors of 577393.
191, 3023
List the prime factors of 75517.
13, 37, 157
What are the prime factors of 1592812?
2, 13, 30631
List the prime factors of 3399830.
2, 5, 7, 17, 2857
What are the prime factors of 24599010?
2, 3, 5, 43, 19069
List the prime factors of 901469.
79, 11411
List the prime factors of 1407842.
2, 839
List the prime factors of 9332490.
2, 3, 5, 17, 29, 631
What are the prime factors of 34202221?
1471, 23251
What are the prime factors of 128052?
2, 3, 3557
List the prime factors of 37051.
7, 67, 79
List the prime factors of 161319.
3, 53773
What are the prime factors of 74139?
3, 13, 1901
What are the prime factors of 1497364?
2, 11, 34031
List the prime factors of 138018.
2, 3, 23003
List the prime factors of 24375734.
2, 31, 393157
List the prime factors of 504303.
3, 97, 1733
What are the prime factors of 205752?
2, 3, 8573
List the prime factors of 341005.
5, 7, 9743
List the prime factors of 398517.
3, 7, 2711
List the prime factors of 886614.
2, 3, 147769
List the prime factors of 4540154.
2, 23, 229, 431
What are the prime factors of 3760979?
83, 113, 401
List the prime factors of 2384947.
17, 53, 2647
List the prime factors of 19861627.
17, 23, 79, 643
List the prime factors of 9351026.
2, 31, 47, 3209
What are the prime factors of 407212?
2, 13, 41, 191
List the prime factors of 282296.
2, 7, 71
What are the prime factors of 643927?
643927
What are the prime factors of 1104091?
449, 2459
List the prime factors of 320857.
499, 643
What are the pr